{"id":59,"date":"2022-09-07T02:45:03","date_gmt":"2022-09-07T02:45:03","guid":{"rendered":"https:\/\/demo.ovatheme.com\/auntri\/?page_id=59"},"modified":"2023-11-21T11:55:27","modified_gmt":"2023-11-21T11:55:27","slug":"haberler","status":"publish","type":"page","link":"https:\/\/tkr.makinem.com\/index.php\/haberler\/","title":{"rendered":"Haberler"},"content":{"rendered":"\t\t<div data-elementor-type=\"wp-page\" data-elementor-id=\"59\" class=\"elementor elementor-59\" data-elementor-post-type=\"page\">\n\t\t\t\t\t\t<section class=\"elementor-section elementor-top-section elementor-element elementor-element-2b1b2c4f elementor-section-boxed elementor-section-height-default elementor-section-height-default\" data-id=\"2b1b2c4f\" data-element_type=\"section\" data-e-type=\"section\">\n\t\t\t\t\t\t<div class=\"elementor-container elementor-column-gap-default\">\n\t\t\t\t\t<div class=\"elementor-column elementor-col-66 elementor-top-column elementor-element elementor-element-1f74d604\" data-id=\"1f74d604\" data-element_type=\"column\" data-e-type=\"column\">\n\t\t\t<div class=\"elementor-widget-wrap elementor-element-populated\">\n\t\t\t\t\t\t<div class=\"elementor-element elementor-element-4a6c7395 elementor-widget-divider--view-line_text elementor-widget-divider--element-align-right elementor-widget elementor-widget-divider\" data-id=\"4a6c7395\" data-element_type=\"widget\" data-e-type=\"widget\" data-widget_type=\"divider.default\">\n\t\t\t\t<div class=\"elementor-widget-container\">\n\t\t\t\t\t\t\t<div class=\"elementor-divider\">\n\t\t\t<span class=\"elementor-divider-separator\">\n\t\t\t\t\t\t\t<span class=\"elementor-divider__text elementor-divider__element\">\n\t\t\t\tAslazer Makina\t\t\t\t<\/span>\n\t\t\t\t\t\t<\/span>\n\t\t<\/div>\n\t\t\t\t\t\t<\/div>\n\t\t\t\t<\/div>\n\t\t\t\t<div class=\"elementor-element elementor-element-e0b479a elementor-grid-1 elementor-posts--thumbnail-left elementor-posts--align-left elementor-grid-tablet-1 elementor-grid-mobile-1 elementor-widget elementor-widget-posts\" data-id=\"e0b479a\" data-element_type=\"widget\" data-e-type=\"widget\" data-settings=\"{&quot;classic_columns&quot;:&quot;1&quot;,&quot;classic_row_gap&quot;:{&quot;unit&quot;:&quot;px&quot;,&quot;size&quot;:&quot;50&quot;,&quot;sizes&quot;:[]},&quot;classic_columns_tablet&quot;:&quot;1&quot;,&quot;classic_columns_mobile&quot;:&quot;1&quot;,&quot;classic_row_gap_tablet&quot;:{&quot;unit&quot;:&quot;px&quot;,&quot;size&quot;:&quot;&quot;,&quot;sizes&quot;:[]},&quot;classic_row_gap_mobile&quot;:{&quot;unit&quot;:&quot;px&quot;,&quot;size&quot;:&quot;&quot;,&quot;sizes&quot;:[]}}\" data-widget_type=\"posts.classic\">\n\t\t\t\t<div class=\"elementor-widget-container\">\n\t\t\t\t\t\t\t<div class=\"elementor-posts-container elementor-posts elementor-posts--skin-classic elementor-grid\" role=\"list\">\n\t\t\t\t<article class=\"elementor-post elementor-grid-item post-8599 post type-post status-publish format-standard has-post-thumbnail hentry category-lazer-kesim\" role=\"listitem\">\n\t\t\t\t<a class=\"elementor-post__thumbnail__link\" href=\"https:\/\/tkr.makinem.com\/index.php\/2023\/11\/13\/lazer-kesim-ankara\/\" tabindex=\"-1\" >\n\t\t\t<div class=\"elementor-post__thumbnail\"><img fetchpriority=\"high\" decoding=\"async\" width=\"1000\" height=\"664\" src=\"https:\/\/tkr.makinem.com\/wp-content\/uploads\/2023\/11\/aslazer2.jpg\" class=\"attachment-full size-full wp-image-8794\" alt=\"\" srcset=\"https:\/\/tkr.makinem.com\/wp-content\/uploads\/2023\/11\/aslazer2.jpg 1000w, https:\/\/tkr.makinem.com\/wp-content\/uploads\/2023\/11\/aslazer2-300x199.jpg 300w, https:\/\/tkr.makinem.com\/wp-content\/uploads\/2023\/11\/aslazer2-768x510.jpg 768w\" sizes=\"(max-width: 1000px) 100vw, 1000px\" \/><\/div>\n\t\t<\/a>\n\t\t\t\t<div class=\"elementor-post__text\">\n\t\t\t\t<h3 class=\"elementor-post__title\">\n\t\t\t<a href=\"https:\/\/tkr.makinem.com\/index.php\/2023\/11\/13\/lazer-kesim-ankara\/\" >\n\t\t\t\tLazer Kesim Ankara Ba\u015fkent OSB\t\t\t<\/a>\n\t\t<\/h3>\n\t\t\t\t<div class=\"elementor-post__meta-data\">\n\t\t\t\t\t<span class=\"elementor-post-date\">\n\t\t\tKas\u0131m 13, 2023\t\t<\/span>\n\t\t\t\t<\/div>\n\t\t\t\t<div class=\"elementor-post__excerpt\">\n\t\t\t<p>Ankara Lazer Kesim\u00a0sekt\u00f6r\u00fcnde faaliyet g\u00f6steren pek \u00e7ok firma bulunmaktad\u0131r. Bu<\/p>\n\t\t<\/div>\n\t\t\n\t\t<a class=\"elementor-post__read-more\" href=\"https:\/\/tkr.makinem.com\/index.php\/2023\/11\/13\/lazer-kesim-ankara\/\" aria-label=\"Read more about Lazer Kesim Ankara Ba\u015fkent OSB\" tabindex=\"-1\" >\n\t\t\tDevam\u0131n\u0131 Oku\t\t<\/a>\n\n\t\t\t\t<\/div>\n\t\t\t\t<\/article>\n\t\t\t\t<article class=\"elementor-post elementor-grid-item post-8597 post type-post status-publish format-standard has-post-thumbnail hentry category-lazer-kesim\" role=\"listitem\">\n\t\t\t\t<a class=\"elementor-post__thumbnail__link\" href=\"https:\/\/tkr.makinem.com\/index.php\/2023\/11\/13\/lazer-kesimde-son-teknoloji\/\" tabindex=\"-1\" >\n\t\t\t<div class=\"elementor-post__thumbnail\"><img decoding=\"async\" width=\"1000\" height=\"664\" src=\"https:\/\/tkr.makinem.com\/wp-content\/uploads\/2023\/11\/aslazer3.jpg\" class=\"attachment-full size-full wp-image-8796\" alt=\"\" srcset=\"https:\/\/tkr.makinem.com\/wp-content\/uploads\/2023\/11\/aslazer3.jpg 1000w, https:\/\/tkr.makinem.com\/wp-content\/uploads\/2023\/11\/aslazer3-300x199.jpg 300w, https:\/\/tkr.makinem.com\/wp-content\/uploads\/2023\/11\/aslazer3-768x510.jpg 768w\" sizes=\"(max-width: 1000px) 100vw, 1000px\" \/><\/div>\n\t\t<\/a>\n\t\t\t\t<div class=\"elementor-post__text\">\n\t\t\t\t<h3 class=\"elementor-post__title\">\n\t\t\t<a href=\"https:\/\/tkr.makinem.com\/index.php\/2023\/11\/13\/lazer-kesimde-son-teknoloji\/\" >\n\t\t\t\tAslazer Makina: Lazer Kesimde Son Teknoloji\t\t\t<\/a>\n\t\t<\/h3>\n\t\t\t\t<div class=\"elementor-post__meta-data\">\n\t\t\t\t\t<span class=\"elementor-post-date\">\n\t\t\tKas\u0131m 13, 2023\t\t<\/span>\n\t\t\t\t<\/div>\n\t\t\t\t<div class=\"elementor-post__excerpt\">\n\t\t\t<p>Ba\u015fkent OSB Sanayi B\u00f6lgesi&#8217;nde faaliyet g\u00f6steren Aslazer Makina, \u00e7elik demir<\/p>\n\t\t<\/div>\n\t\t\n\t\t<a class=\"elementor-post__read-more\" href=\"https:\/\/tkr.makinem.com\/index.php\/2023\/11\/13\/lazer-kesimde-son-teknoloji\/\" aria-label=\"Read more about Aslazer Makina: Lazer Kesimde Son Teknoloji\" tabindex=\"-1\" >\n\t\t\tDevam\u0131n\u0131 Oku\t\t<\/a>\n\n\t\t\t\t<\/div>\n\t\t\t\t<\/article>\n\t\t\t\t<article class=\"elementor-post elementor-grid-item post-8593 post type-post status-publish format-standard has-post-thumbnail hentry category-lazer-kesim\" role=\"listitem\">\n\t\t\t\t<a class=\"elementor-post__thumbnail__link\" href=\"https:\/\/tkr.makinem.com\/index.php\/2023\/11\/13\/as-lazer-makina-celik-imalatta-teknolojik-cozumler\/\" tabindex=\"-1\" >\n\t\t\t<div class=\"elementor-post__thumbnail\"><img decoding=\"async\" width=\"1000\" height=\"664\" src=\"https:\/\/tkr.makinem.com\/wp-content\/uploads\/2023\/11\/aslazer1.jpg\" class=\"attachment-full size-full wp-image-8791\" alt=\"\" srcset=\"https:\/\/tkr.makinem.com\/wp-content\/uploads\/2023\/11\/aslazer1.jpg 1000w, https:\/\/tkr.makinem.com\/wp-content\/uploads\/2023\/11\/aslazer1-300x199.jpg 300w, https:\/\/tkr.makinem.com\/wp-content\/uploads\/2023\/11\/aslazer1-768x510.jpg 768w\" sizes=\"(max-width: 1000px) 100vw, 1000px\" \/><\/div>\n\t\t<\/a>\n\t\t\t\t<div class=\"elementor-post__text\">\n\t\t\t\t<h3 class=\"elementor-post__title\">\n\t\t\t<a href=\"https:\/\/tkr.makinem.com\/index.php\/2023\/11\/13\/as-lazer-makina-celik-imalatta-teknolojik-cozumler\/\" >\n\t\t\t\tAslazer Makina: Lazer Kesimde Teknolojik \u00c7\u00f6z\u00fcm\t\t\t<\/a>\n\t\t<\/h3>\n\t\t\t\t<div class=\"elementor-post__meta-data\">\n\t\t\t\t\t<span class=\"elementor-post-date\">\n\t\t\tKas\u0131m 13, 2023\t\t<\/span>\n\t\t\t\t<\/div>\n\t\t\t\t<div class=\"elementor-post__excerpt\">\n\t\t\t<p>Ba\u015fkent OSB Sanayi B\u00f6lgesi&#8217;nde faaliyet g\u00f6steren Aslazer Makina, lazer kesim<\/p>\n\t\t<\/div>\n\t\t\n\t\t<a class=\"elementor-post__read-more\" href=\"https:\/\/tkr.makinem.com\/index.php\/2023\/11\/13\/as-lazer-makina-celik-imalatta-teknolojik-cozumler\/\" aria-label=\"Read more about Aslazer Makina: Lazer Kesimde Teknolojik \u00c7\u00f6z\u00fcm\" tabindex=\"-1\" >\n\t\t\tDevam\u0131n\u0131 Oku\t\t<\/a>\n\n\t\t\t\t<\/div>\n\t\t\t\t<\/article>\n\t\t\t\t<\/div>\n\t\t\n\t\t\t\t\t\t<\/div>\n\t\t\t\t<\/div>\n\t\t\t\t\t<\/div>\n\t\t<\/div>\n\t\t\t\t<div class=\"elementor-column elementor-col-33 elementor-top-column elementor-element elementor-element-4599120d\" data-id=\"4599120d\" data-element_type=\"column\" data-e-type=\"column\">\n\t\t\t<div class=\"elementor-widget-wrap elementor-element-populated\">\n\t\t\t\t\t\t<div class=\"elementor-element elementor-element-2ccc837 elementor-hidden-tablet elementor-hidden-phone elementor-widget elementor-widget-image\" data-id=\"2ccc837\" data-element_type=\"widget\" data-e-type=\"widget\" data-widget_type=\"image.default\">\n\t\t\t\t<div class=\"elementor-widget-container\">\n\t\t\t\t\t\t\t\t\t\t\t\t\t\t\t<img loading=\"lazy\" decoding=\"async\" width=\"405\" height=\"620\" src=\"https:\/\/tkr.makinem.com\/wp-content\/uploads\/2023\/11\/banner1.jpg\" class=\"attachment-full size-full wp-image-8922\" alt=\"\" srcset=\"https:\/\/tkr.makinem.com\/wp-content\/uploads\/2023\/11\/banner1.jpg 405w, https:\/\/tkr.makinem.com\/wp-content\/uploads\/2023\/11\/banner1-196x300.jpg 196w\" sizes=\"(max-width: 405px) 100vw, 405px\" \/>\t\t\t\t\t\t\t\t\t\t\t\t\t\t\t<\/div>\n\t\t\t\t<\/div>\n\t\t\t\t<div class=\"elementor-element elementor-element-67937e1 elementor-widget elementor-widget-video\" data-id=\"67937e1\" data-element_type=\"widget\" data-e-type=\"widget\" data-settings=\"{&quot;youtube_url&quot;:&quot;https:\\\/\\\/www.youtube.com\\\/watch?v=OpiRxSaALuc&quot;,&quot;video_type&quot;:&quot;youtube&quot;,&quot;controls&quot;:&quot;yes&quot;}\" data-widget_type=\"video.default\">\n\t\t\t\t<div class=\"elementor-widget-container\">\n\t\t\t\t\t\t\t<div class=\"elementor-wrapper elementor-open-inline\">\n\t\t\t<div class=\"elementor-video\"><\/div>\t\t<\/div>\n\t\t\t\t\t\t<\/div>\n\t\t\t\t<\/div>\n\t\t\t\t<div class=\"elementor-element elementor-element-37fa345a elementor-widget elementor-widget-heading\" data-id=\"37fa345a\" data-element_type=\"widget\" data-e-type=\"widget\" data-widget_type=\"heading.default\">\n\t\t\t\t<div class=\"elementor-widget-container\">\n\t\t\t\t\t<h4 class=\"elementor-heading-title elementor-size-default\">Son Haberler<\/h4>\t\t\t\t<\/div>\n\t\t\t\t<\/div>\n\t\t\t\t<div class=\"elementor-element elementor-element-22dcceeb elementor-grid-1 elementor-posts--thumbnail-left elementor-posts--align-left elementor-grid-tablet-2 elementor-grid-mobile-1 elementor-widget elementor-widget-posts\" data-id=\"22dcceeb\" data-element_type=\"widget\" data-e-type=\"widget\" data-settings=\"{&quot;classic_columns&quot;:&quot;1&quot;,&quot;classic_row_gap&quot;:{&quot;unit&quot;:&quot;px&quot;,&quot;size&quot;:&quot;30&quot;,&quot;sizes&quot;:[]},&quot;classic_columns_tablet&quot;:&quot;2&quot;,&quot;classic_columns_mobile&quot;:&quot;1&quot;,&quot;classic_row_gap_tablet&quot;:{&quot;unit&quot;:&quot;px&quot;,&quot;size&quot;:&quot;&quot;,&quot;sizes&quot;:[]},&quot;classic_row_gap_mobile&quot;:{&quot;unit&quot;:&quot;px&quot;,&quot;size&quot;:&quot;&quot;,&quot;sizes&quot;:[]}}\" data-widget_type=\"posts.classic\">\n\t\t\t\t<div class=\"elementor-widget-container\">\n\t\t\t\t\t\t\t<div class=\"elementor-posts-container elementor-posts elementor-posts--skin-classic elementor-grid\" role=\"list\">\n\t\t\t\t<article class=\"elementor-post elementor-grid-item post-8599 post type-post status-publish format-standard has-post-thumbnail hentry category-lazer-kesim\" role=\"listitem\">\n\t\t\t\t<a class=\"elementor-post__thumbnail__link\" href=\"https:\/\/tkr.makinem.com\/index.php\/2023\/11\/13\/lazer-kesim-ankara\/\" tabindex=\"-1\" >\n\t\t\t<div class=\"elementor-post__thumbnail\"><img fetchpriority=\"high\" decoding=\"async\" width=\"1000\" height=\"664\" src=\"https:\/\/tkr.makinem.com\/wp-content\/uploads\/2023\/11\/aslazer2.jpg\" class=\"attachment-full size-full wp-image-8794\" alt=\"\" srcset=\"https:\/\/tkr.makinem.com\/wp-content\/uploads\/2023\/11\/aslazer2.jpg 1000w, https:\/\/tkr.makinem.com\/wp-content\/uploads\/2023\/11\/aslazer2-300x199.jpg 300w, https:\/\/tkr.makinem.com\/wp-content\/uploads\/2023\/11\/aslazer2-768x510.jpg 768w\" sizes=\"(max-width: 1000px) 100vw, 1000px\" \/><\/div>\n\t\t<\/a>\n\t\t\t\t<div class=\"elementor-post__text\">\n\t\t\t\t<h3 class=\"elementor-post__title\">\n\t\t\t<a href=\"https:\/\/tkr.makinem.com\/index.php\/2023\/11\/13\/lazer-kesim-ankara\/\" >\n\t\t\t\tLazer Kesim Ankara Ba\u015fkent OSB\t\t\t<\/a>\n\t\t<\/h3>\n\t\t\t\t<div class=\"elementor-post__meta-data\">\n\t\t\t\t\t<span class=\"elementor-post-date\">\n\t\t\tKas\u0131m 13, 2023\t\t<\/span>\n\t\t\t\t<\/div>\n\t\t\t\t<\/div>\n\t\t\t\t<\/article>\n\t\t\t\t<article class=\"elementor-post elementor-grid-item post-8597 post type-post status-publish format-standard has-post-thumbnail hentry category-lazer-kesim\" role=\"listitem\">\n\t\t\t\t<a class=\"elementor-post__thumbnail__link\" href=\"https:\/\/tkr.makinem.com\/index.php\/2023\/11\/13\/lazer-kesimde-son-teknoloji\/\" tabindex=\"-1\" >\n\t\t\t<div class=\"elementor-post__thumbnail\"><img decoding=\"async\" width=\"1000\" height=\"664\" src=\"https:\/\/tkr.makinem.com\/wp-content\/uploads\/2023\/11\/aslazer3.jpg\" class=\"attachment-full size-full wp-image-8796\" alt=\"\" srcset=\"https:\/\/tkr.makinem.com\/wp-content\/uploads\/2023\/11\/aslazer3.jpg 1000w, https:\/\/tkr.makinem.com\/wp-content\/uploads\/2023\/11\/aslazer3-300x199.jpg 300w, https:\/\/tkr.makinem.com\/wp-content\/uploads\/2023\/11\/aslazer3-768x510.jpg 768w\" sizes=\"(max-width: 1000px) 100vw, 1000px\" \/><\/div>\n\t\t<\/a>\n\t\t\t\t<div class=\"elementor-post__text\">\n\t\t\t\t<h3 class=\"elementor-post__title\">\n\t\t\t<a href=\"https:\/\/tkr.makinem.com\/index.php\/2023\/11\/13\/lazer-kesimde-son-teknoloji\/\" >\n\t\t\t\tAslazer Makina: Lazer Kesimde Son Teknoloji\t\t\t<\/a>\n\t\t<\/h3>\n\t\t\t\t<div class=\"elementor-post__meta-data\">\n\t\t\t\t\t<span class=\"elementor-post-date\">\n\t\t\tKas\u0131m 13, 2023\t\t<\/span>\n\t\t\t\t<\/div>\n\t\t\t\t<\/div>\n\t\t\t\t<\/article>\n\t\t\t\t<article class=\"elementor-post elementor-grid-item post-8593 post type-post status-publish format-standard has-post-thumbnail hentry category-lazer-kesim\" role=\"listitem\">\n\t\t\t\t<a class=\"elementor-post__thumbnail__link\" href=\"https:\/\/tkr.makinem.com\/index.php\/2023\/11\/13\/as-lazer-makina-celik-imalatta-teknolojik-cozumler\/\" tabindex=\"-1\" >\n\t\t\t<div class=\"elementor-post__thumbnail\"><img decoding=\"async\" width=\"1000\" height=\"664\" src=\"https:\/\/tkr.makinem.com\/wp-content\/uploads\/2023\/11\/aslazer1.jpg\" class=\"attachment-full size-full wp-image-8791\" alt=\"\" srcset=\"https:\/\/tkr.makinem.com\/wp-content\/uploads\/2023\/11\/aslazer1.jpg 1000w, https:\/\/tkr.makinem.com\/wp-content\/uploads\/2023\/11\/aslazer1-300x199.jpg 300w, https:\/\/tkr.makinem.com\/wp-content\/uploads\/2023\/11\/aslazer1-768x510.jpg 768w\" sizes=\"(max-width: 1000px) 100vw, 1000px\" \/><\/div>\n\t\t<\/a>\n\t\t\t\t<div class=\"elementor-post__text\">\n\t\t\t\t<h3 class=\"elementor-post__title\">\n\t\t\t<a href=\"https:\/\/tkr.makinem.com\/index.php\/2023\/11\/13\/as-lazer-makina-celik-imalatta-teknolojik-cozumler\/\" >\n\t\t\t\tAslazer Makina: Lazer Kesimde Teknolojik \u00c7\u00f6z\u00fcm\t\t\t<\/a>\n\t\t<\/h3>\n\t\t\t\t<div class=\"elementor-post__meta-data\">\n\t\t\t\t\t<span class=\"elementor-post-date\">\n\t\t\tKas\u0131m 13, 2023\t\t<\/span>\n\t\t\t\t<\/div>\n\t\t\t\t<\/div>\n\t\t\t\t<\/article>\n\t\t\t\t<\/div>\n\t\t\n\t\t\t\t\t\t<\/div>\n\t\t\t\t<\/div>\n\t\t\t\t<section class=\"elementor-section elementor-inner-section elementor-element elementor-element-428b1492 elementor-section-boxed elementor-section-height-default elementor-section-height-default\" data-id=\"428b1492\" data-element_type=\"section\" data-e-type=\"section\" data-settings=\"{&quot;background_background&quot;:&quot;classic&quot;}\">\n\t\t\t\t\t\t<div class=\"elementor-container elementor-column-gap-default\">\n\t\t\t\t\t<div class=\"elementor-column elementor-col-100 elementor-inner-column elementor-element elementor-element-2b81748a\" data-id=\"2b81748a\" data-element_type=\"column\" data-e-type=\"column\">\n\t\t\t<div class=\"elementor-widget-wrap elementor-element-populated\">\n\t\t\t\t\t\t<div class=\"elementor-element elementor-element-3852dc48 elementor-widget-divider--view-line_text elementor-widget-divider--element-align-right elementor-widget elementor-widget-divider\" data-id=\"3852dc48\" data-element_type=\"widget\" data-e-type=\"widget\" data-widget_type=\"divider.default\">\n\t\t\t\t<div class=\"elementor-widget-container\">\n\t\t\t\t\t\t\t<div class=\"elementor-divider\">\n\t\t\t<span class=\"elementor-divider-separator\">\n\t\t\t\t\t\t\t<span class=\"elementor-divider__text elementor-divider__element\">\n\t\t\t\tAslazer Makina\t\t\t\t<\/span>\n\t\t\t\t\t\t<\/span>\n\t\t<\/div>\n\t\t\t\t\t\t<\/div>\n\t\t\t\t<\/div>\n\t\t\t\t<div class=\"elementor-element elementor-element-70aace4 elementor-widget elementor-widget-heading\" data-id=\"70aace4\" data-element_type=\"widget\" data-e-type=\"widget\" data-widget_type=\"heading.default\">\n\t\t\t\t<div class=\"elementor-widget-container\">\n\t\t\t\t\t<h3 class=\"elementor-heading-title elementor-size-default\">Bize Ula\u015f\u0131n\n<\/h3>\t\t\t\t<\/div>\n\t\t\t\t<\/div>\n\t\t\t\t<div class=\"elementor-element elementor-element-667bbe15 elementor-widget elementor-widget-text-editor\" data-id=\"667bbe15\" data-element_type=\"widget\" data-e-type=\"widget\" data-widget_type=\"text-editor.default\">\n\t\t\t\t<div class=\"elementor-widget-container\">\n\t\t\t\t\t\t\t\t\t<p>Faaliyet alanlar\u0131m\u0131z hakk\u0131nda bilgi almak i\u00e7in bize ula\u015fabilirsiniz.<\/p>\t\t\t\t\t\t\t\t<\/div>\n\t\t\t\t<\/div>\n\t\t\t\t\t<\/div>\n\t\t<\/div>\n\t\t\t\t\t<\/div>\n\t\t<\/section>\n\t\t\t\t\t<\/div>\n\t\t<\/div>\n\t\t\t\t\t<\/div>\n\t\t<\/section>\n\t\t\t\t<\/div>\n\t\t","protected":false},"excerpt":{"rendered":"<p>Haberler Lazer Kesim Ankara Ba\u015fkent OSB Aslazer Makina: Lazer Kesimde Son Teknoloji Aslazer Makina: Lazer Kesimde Teknolojik \u00c7\u00f6z\u00fcm Aslazer Makina Son Haberler Aslazer Makina Bize<\/p>\n","protected":false},"author":1,"featured_media":0,"parent":0,"menu_order":0,"comment_status":"closed","ping_status":"closed","template":"","meta":{"footnotes":""},"class_list":["post-59","page","type-page","status-publish","hentry"],"_hostinger_reach_plugin_has_subscription_block":false,"_hostinger_reach_plugin_is_elementor":false,"_links":{"self":[{"href":"https:\/\/tkr.makinem.com\/index.php\/wp-json\/wp\/v2\/pages\/59","targetHints":{"allow":["GET"]}}],"collection":[{"href":"https:\/\/tkr.makinem.com\/index.php\/wp-json\/wp\/v2\/pages"}],"about":[{"href":"https:\/\/tkr.makinem.com\/index.php\/wp-json\/wp\/v2\/types\/page"}],"author":[{"embeddable":true,"href":"https:\/\/tkr.makinem.com\/index.php\/wp-json\/wp\/v2\/users\/1"}],"replies":[{"embeddable":true,"href":"https:\/\/tkr.makinem.com\/index.php\/wp-json\/wp\/v2\/comments?post=59"}],"version-history":[{"count":16,"href":"https:\/\/tkr.makinem.com\/index.php\/wp-json\/wp\/v2\/pages\/59\/revisions"}],"predecessor-version":[{"id":8975,"href":"https:\/\/tkr.makinem.com\/index.php\/wp-json\/wp\/v2\/pages\/59\/revisions\/8975"}],"wp:attachment":[{"href":"https:\/\/tkr.makinem.com\/index.php\/wp-json\/wp\/v2\/media?parent=59"}],"curies":[{"name":"wp","href":"https:\/\/api.w.org\/{rel}","templated":true}]}}